hen 125 is divided by h.
21
Suppose -4*s + s = -27. Let x = 23 + -20. Suppose -x*g = -11 + 2. Calculate the remainder when s is divided by g.
0
What is the remainder when 728 is divided by ((-38)/342 + 386/(-9))/(0 + -1)?
40
Let d(r) = -3*r**2 - 43*r + 46. Let j be d(13). Let k = j - -1060. What is the remainder when k is divided by 2/(-1 - (-13)/11)?
7
Suppose -35*k - 4005 = -j - 37*k, -j + k + 3996 = 0. What is the remainder when j is divided by 32?
31
Suppose r - 26*w + 23*w = 8, -3*r + 49 = -4*w. Suppose -r*t = -16*t - 168. What is the remainder when 118 is divided by t?
22
Let c(m) = -2*m**3 - 84*m**2 - 2*m - 63. Calculate the remainder when 4238 is divided by c(-42).
17
Let z = 24613 + -21218. Calculate the remainder when z is divided by 79.
77
Suppose -x + 15 + 5 = 0. Suppose h + 5*s + 2 - 1 = 0, 4*s - 28 = 4*h. Calculate the remainder when (481/(-78))/(1/h) is divided by x.
17
Calculate the remainder when 929 is divided by (-1)/(-3) - (2256/(-36) + 14).
47
Let k(p) = p**2 + p - 47. Let y be k(-6). Suppose -31 - 13 = 2*s. Let j = y - s. Calculate the remainder when 22 is divided by j.
2
Let j be (0/1 - -2) + 277. Let q(g) = -g**2 + 3*g + 26. Let l be q(6). Suppose 0 = o + l*o - j. Calculate the remainder when 86 is divided by o.
24
Let s = -281 + 303. What is the remainder when (-121)/s*(-13 - 1) is divided by 13?
12
Let w(u) = -64*u - 3. Let v be w(-1). Let m = v + -11. What is the remainder when m is divided by (35 - 4/2)*34/102?
6
Let o(c) = 25*c**2 - c + 4523. Calculate the remainder when o(0) is divided by 181.
179
What is the remainder when 399 is divided by 9/(324/1596) - (6/9)/(-1)?
39
Let l(q) = 23*q**2 + 5*q + 610. Calculate the remainder when l(-14) is divided by 25.
23
Let z(k) = k**3 + 113*k - 342. What is the remainder when 1654 is divided by z(3)?
22
Suppose -6*x + 3*x = -12. Suppose -90 = -3*f - x*w, 113 = 2*f - w + 42. What is the remainder when (-20)/(-6) - (-34)/(-102) - 262/(-2) is divided by f?
32
Let b(g) = 9*g + 74. Suppose 8*i + 10 = -30. Calculate the remainder when 140 is divided by b(i).
24
Suppose 17 = 11*m - 27. Suppose m*b = 65 - 33. What is the remainder when 20 - ((-3)/1)/(-3) is divided by b?
3
Let n be (-11 - -9) + (1 - -109). Suppose n = 5*a - 17. Suppose 3*y + 41 = 2*l, -3*l = -2*l - y - 19. What is the remainder when a is divided by l?
9
Calculate the remainder when 936 is divided by 3900/42 + 3/21.
6
Suppose -3*a = -6*a - 12. Let v be a/(72/(-15))*6. Suppose 0 = -v*r - 4*r + 279. What is the remainder when 61 is divided by r?
30
Suppose 2*h = 4, -9*h + 404 = 4*s - 5*h. Calculate the remainder when s is divided by (-29535)/(-1432) - ((-10)/(-16) - 1).
15
Suppose -43*d + 36*d = -44 - 1601. Let c = -27 - -75. What is the remainder when d is divided by c?
43
Suppose 5*r - 3*j - 543 = 0, 23*j = 4*r + 14*j - 474. What is the remainder when r is divided by 65?
40
Suppose -26*a + 8 = -22*a. What is the remainder when a/5*145 - (-2 + 6) is divided by 14?
12
Suppose -2*j - 5*r - 140 = -7*j, -2*r = 2*j - 36. Suppose 0 = 16*b - 29*b - 13. Let o(c) = 17*c**2 + 3*c + 1. What is the remainder when j is divided by o(b)?
8
Suppose -2*a - 5 + 18 = -h, -2 = 2*a + 2*h. Suppose -2*f = -n - 94 - 585, 2*f - a*n - 688 = 0. What is the remainder when f is divided by 10?
8
Let c be (6/(-12))/((-1)/10). Suppose -c*f + 397 = 77. Let s = 2296 - 2283. What is the remainder when f is divided by s?
12
Let v(j) = -j**3 - 28*j**2 - 132*j + 18. Let x(h) = h**3 - 4*h**2 - 8*h + 8. Calculate the remainder when x(6) is divided by v(-22).
14
Let t = 2 - -19. Suppose 17*z - 6 = 14*z. Suppose 4*m + h = 32, -z*m + 5*h = -4*m - 2. Calculate the remainder when t is divided by m.
3
Let o(m) be the first derivative of m**4/4 - m**3 - 7*m**2 - 11*m - 99. Calculate the remainder when (-78 + 2)*(-10)/5 is divided by o(6).
9
Suppose 65 = l - 13. Let m = -167 + l. Let h = m + 114. Calculate the remainder when 124 is divided by h.
24
Suppose 1 = 3*z - 8, -2*z = 4*r - 510. Let s = 64 + -48. What is the remainder when (r/(-4))/((-1)/2) is divided by s?
15
Let f be ((-2 - 7) + -6)/(1/(-21)). Suppose -f - 135 = -6*c. Let n(j) = -2*j**2 + 46*j - 25. What is the remainder when c is divided by n(22)?
18
Suppose 3*j + 120 - 89 - 58 = 0. Calculate the remainder when 1618 is divided by j.
7
Let w(c) = 2*c**2 + 19*c - 314. Calculate the remainder when 6078 is divided by w(9).
17
Suppose 2*c = -7 + 79. Suppose -u = -7*u + c. Calculate the remainder when -10 + 7 - -37*1 is divided by u.
4
Let t be (-3)/(-10)*(-88)/66*-15. What is the remainder when 85 is divided by ((-2)/t)/((-4)/96)?
5
Let p = 361 + -290. Suppose -p*f + 1053 = -44*f. What is the remainder when f is divided by 10?
9
Let s(c) = -c**3 - 12*c**2 + 22*c + 41. Let z be s(-15). Let a = -376 + z. What is the remainder when 44 is divided by a?
4
Suppose 5*j - 1376 = 3*h, -1104 = -4*j - 2*h + 6*h. Let a = j - 192. What is the remainder when a is divided by 14?
12
Let r = 70 + -26. Let l(h) = 433*h**3 - 2*h**2 + 3*h - 2. Let n be l(2). Calculate the remainder when (-1 + 3)/(-5*(-8)/n) is divided by r.
41
Calculate the remainder when 401 is divided by (-51)/((-1020)/40) + 51.
30
Let s = -3 + 26. Let x(t) = -t**3 - 5*t**2 + 67*t + 13. Let r be x(-11). What is the remainder when s is divided by r/(-18) - 736/(-144)?
3
Suppose -5*m - 2*w - 4 = 0, -4*w - 3 = m + 5. Let j(z) = -z**3 - 3*z + 70. Calculate the remainder when j(m) is divided by 25.
20
Suppose -263*h + 2229 = -1979. What is the remainder when 2111 is divided by h?
15
Let i(p) = -25*p**3 - p**2 + 17*p + 16. Calculate the remainder when 349 is divided by i(-1).
4
Suppose 0 = 84*a + 3892 - 21616. What is the remainder when 1474 is divided by a?
208
Suppose -5*l = 5*c - 14 - 171, 2*l = -5*c + 62. Calculate the remainder when 61 is divided by l.
20
Suppose 8*s - 9*s + 417 = q, 0 = -3*s + q + 1267. What is the remainder when s is divided by 150?
121
Let z be (0/(-4*1*1))/(-1). Suppose 2*x - 32 = -z*x. Let p = x - -2. What is the remainder when 70 is divided by p?
16
Suppose -58 = -p - 4*s + 162, p - 241 = 3*s. What is the remainder when (-5763)/(-119) + 4/7 is divided by 16/72 + p/9?
23
Let p = -140 + 77. Let c = -2300 + 2434. Let k = p + c. Calculate the remainder when k is divided by 25.
21
Calculate the remainder when 207 is divided by ((4*-49)/2)/(232/(-116)).
11
Let z be (5 - 102/18)*(-4650)/4. Suppose -10*u + z = -355. What is the remainder when u is divided by 30?
23
Let b(o) = -o**2 + 16*o - 63. Let x be b(7). Suppose -10*h + 15*h - 255 = x. Suppose -36 = -0*r - 2*r. Calculate the remainder when h is divided by r.
15
Calculate the remainder when 71 + -64 - (2 - (1 + 440)) is divided by 258/4 - 2/4.
62
Suppose 11*w - 10*w = 48. Calculate the remainder when w is divided by 19.
10
Let o be (2 - (-24)/(-13)) + (-18528)/104. Let u = o + 386. Calculate the remainder when u is divided by 22.
10
Let k = 53 + -51. Let v(c) = c**3 + 16*c**2 + 17*c + 35. Calculate the remainder when (15/(-60))/(k/(-56)) is divided by v(-15).
2
Let h(l) = -l**3 + 4*l**2 + 22*l - 5. Let w be h(7). Let r(z) = -7*z + 6*z + 17*z**3 + 1 - 66*z**3 - w. What is the remainder when r(-1) is divided by 13?
10
Suppose 0 = 3*r - 4*l - 100 - 65, -4*r = -2*l - 230. Let d = r + -41. Suppose -3460*u + 3455*u + 170 = 0. Calculate the remainder when u is divided by d.
16
Let j be (-17 - -16)/(1/(-2)). Suppose 29 = 5*r + j*i, 0 = 5*r - 3*i - i - 47. Suppose m - 8 = r. Calculate the remainder when 40 is divided by m.
10
Let t(l) = -3*l**3 + 2*l + 13. Let m be t(-3). Let r = -148 + m. Let s = r + 70. What is the remainder when 18 is divided by s?
8
Let p(d) = 2*d**2 + 22*d + 31. Let z be p(-16). Let w(x) = 46*x**3 + 2*x - 1. What is the remainder when z + 3/((-15)/25) is divided by w(1)?
45
Let b be -107*((-1 - -5) + -5 + 2). Let f = 22 - b. What is the remainder when f is divided by 13?
12
Let r = 39 + -33. Suppose -2*f + 4 = -r. Suppose -64 = -3*m + j, f*j = m - 24 - 2. Calculate the remainder when 41 is divided by m.
20
Let a(u) = 2*u**3 - 5*u**2 + 3*u. Let s be a(2). Calculate the remainder when 340 is divided by (-394)/(-8) + s/(-14 - -6).
46
Let r(y) = -10*y + 43. Let w be r(-8). What is the remainder when (-291)/1*(-82)/w is divided by 13?
12
Suppose i + 3*k - 13 = 0, 2*i + k = 3*i - 